divided by ((-13)/(-2))/(2 + (-6)/4)?
11
Let d(w) = -w**3 - 5*w**2 - 2*w + 7. Suppose c = 2 + 8. What is the remainder when d(-5) is divided by c?
7
Let h(d) = 2*d - 4. Let x(b) = 3*b - 3. Let i be x(2). Let y be h(i). What is the remainder when (-4)/(-3)*y*6 is divided by 6?
4
Suppose 4*s = 0, -2*p + 3*s + 10 = 3*p. Let y(i) = -i**2 + 14*i - 11. What is the remainder when p is divided by y(13)?
0
Let g(s) = -3*s + 17. What is the remainder when 38 is divided by g(4)?
3
Let q(k) = -3*k - 6. Suppose 5*h - 251 + 21 = 0. Calculate the remainder when h is divided by q(-6).
10
Suppose 5*f - 10 + 25 = 0. Suppose -a - y - 9 = 0, -a + 15 = -y - 4*y. What is the remainder when (13/f)/(a/45) is divided by 10?
9
Let r(n) = -3*n - 1. Let j(g) = 4*g**3 + g**2 - 4*g - 3. Let z be j(-2). Let p = -16 - z. Calculate the remainder when r(-7) is divided by p.
6
Let j(f) = -f**3 + 16*f**2 - 13*f - 20. Calculate the remainder when 27 is divided by j(15).
7
Suppose 4*d = -0*d + 4*c + 244, -3*c + 147 = 2*d. Calculate the remainder when d is divided by 27.
12
Suppose 3*k = 4*c + 44, -4*k + 7*c - 2*c + 58 = 0. Calculate the remainder when 47 is divided by k.
11
Let n(q) = q. Let c(b) = b. Let k be c(2). Calculate the remainder when n(k) is divided by 1.
0
What is the remainder when 8/12*-6 + 118 is divided by 17?
12
Let i be (12/15)/(4/10). Suppose -i*k + 25 = -k. What is the remainder when k is divided by 7?
4
Let x(k) = -k + 9. Let l be x(0). Suppose l = -g + 20. What is the remainder when 39 is divided by g?
6
Let t = 194 + -177. Let c(y) = y**2 - 4*y + 1. Calculate the remainder when t is divided by c(5).
5
What is the remainder when (-748)/(-22)*14/4 is divided by 40?
39
Suppose 2*r = 62 - 50. What is the remainder when 38 is divided by r?
2
Let q = 0 + 4. Suppose 4*v - 2*v + 5*z = 18, -24 = -q*v - 4*z. Suppose v*a = -a + 45. Calculate the remainder when 25 is divided by a.
7
Let o be -1 + (-3 + 2)/(-1). Suppose -3*g + o*g = -213. Calculate the remainder when g is divided by 36.
35
Let p(q) = -6*q + 5. Let t(i) = 6*i - 4. Let m(f) = -5*p(f) - 6*t(f). Let o be m(-1). Calculate the remainder when 18 is divided by 2/(-4)*(-100)/o.
8
Let n(j) = -j**2 + 11*j + 16. What is the remainder when 31 is divided by n(11)?
15
Let x = 14 + -3. Suppose 0 = -5*a - 4*j - 1730, -a - 2*j - 1740 = 4*a. Calculate the remainder when a/(-11) + 2/11 is divided by x.
10
Let w(h) = h**2 - 12*h + 1 - 4*h + 16*h. Let c be (-3 - -2)/((-1)/(-1)). Calculate the remainder when w(c) is divided by 2.
0
Suppose -40 - 374 = -3*n. Calculate the remainder when n is divided by 35.
33
Suppose 0 = -3*w + 33 + 9. Calculate the remainder when w is divided by 8.
6
Let m = 113 + -15. What is the remainder when m is divided by 20?
18
Let n(m) = -m + 0*m - m + 0*m - 1. What is the remainder when 13 is divided by n(-3)?
3
Let a be (-3)/(-2)*820/15. Suppose 3*x - u = 78 - 26, 0 = 3*x + 5*u - a. Let d(t) = -3*t - 2. Calculate the remainder when x is divided by d(-4).
9
Suppose 46 = -4*a + 298. Suppose -5*f + 15 = -65. Calculate the remainder when a is divided by f.
15
Let u(f) = -f**2 + 7*f - 7. Let g be u(5). Suppose -3*o + g*w + 100 = 4*w, 5*w - 126 = -4*o. What is the remainder when o is divided by -1 + -1 - (-12 - 2)?
10
Let b = 43 + -37. What is the remainder when 26 is divided by b?
2
Suppose -6*h = h - 693. What is the remainder when h is divided by 17?
14
Calculate the remainder when 19 + 4/12*6 is divided by 8.
5
Calculate the remainder when (-5)/(-15) + 386*2/6 is divided by 19.
15
Let s(r) = r - 4. Let q be s(7). Suppose -23 = -3*v - 2*i + 21, i - 46 = -q*v. What is the remainder when v is divided by 6?
4
Suppose 3*x - 2*b - 59 = -b, -x + 2*b + 23 = 0. Suppose -4*j = -6*j + 22. Calculate the remainder when x is divided by j.
8
Let b = 15 - 10. Calculate the remainder when (-2)/b - (-132)/5 is divided by 14.
12
Suppose 7*y + 2 = 8*y. Let g = -1 + 3. What is the remainder when y is divided by g?
0
What is the remainder when (3 - 3) + 57/3 is divided by 11?
8
Suppose -4*t + 19 = -2*b + 5, -t = 5*b - 20. Suppose 5*s = 3*d + 3 + 16, 0 = b*s - 15. What is the remainder when 4/3*39/d is divided by 14?
12
Let b be (3 - 4)*(-28 + -1). Let q = 52 - 16. Suppose -b - q = -t. What is the remainder when t is divided by 22?
21
Let s(a) = -a**2 - 3*a + 2. Let t be s(-3). Suppose -t*w + 4 = -20. Let f = 37 - w. What is the remainder when f is divided by 9?
7
Suppose 0*z - 5*r = 3*z - 56, 2*z - 4*r = 8. Let x(q) = -q**3 + 5*q**2 - q - 3. Let c be x(4). What is the remainder when z is divided by -1 + 3*24/c?
5
Let k = 182 + -135. What is the remainder when 138 is divided by k?
44
Suppose -5*t + 13 = 3. What is the remainder when ((-1)/2)/((-2)/16) is divided by -3 - -6*(-1 + t)?
1
Let m = -12 - 0. Let v = -17 - m. Let n = 9 + v. What is the remainder when 5 is divided by n?
1
Let d(o) = -o**2 - 10*o + 3. Calculate the remainder when d(-4) is divided by 10.
7
Let c = 3 - -22. Let t(n) be the first derivative of -2*n**2 + n - 2. What is the remainder when c is divided by t(-2)?
7
Let r = 12 - 0. Suppose 0*s - 2*s = 4*a - r, 0 = -5*a + 2*s + 15. What is the remainder when 9 is divided by a?
0
Suppose 3*n - 2*w = 64, -2*n - 2*w = -32 + 6. Calculate the remainder when n is divided by 5.
3
Suppose -n - 2*f = -94, -189 - 205 = -4*n + f. Suppose -2 + 10 = -2*u + 5*t, 5 = -5*u + 5*t. What is the remainder when 46 is divided by u/(-3) + n/6?
14
Let f be (-27)/12 - (-2)/8. Let l be f/(-3)*114/4. Suppose -l = 5*s - 3*p - 68, 0 = -3*s + 4*p + 36. What is the remainder when 15 is divided by s?
7
Let j = 5 + -5. Let o be 3/6*(10 - j). Suppose 0*g - 55 = -o*g. Calculate the remainder when g is divided by 4.
3
Suppose 4*n + 0 - 16 = 0. Suppose t + 20 = -4*o - o, n*t - 5*o - 45 = 0. Calculate the remainder when t is divided by 3/((2 - 5)/(-3)).
2
Let n(j) = -17*j**3 - j**2 - 2*j - 1. Let d be n(-1). Suppose -l = 46 + d. What is the remainder when 33 is divided by (0 - 1)/(7/l)?
6
Let k = 95 - 44. Suppose 32 = -5*l - 8. Let s(g) = -g**3 - 9*g**2 - 11*g + 2. Calculate the remainder when k is divided by s(l).
25
Suppose -88*o - 94 = -90*o. What is the remainder when 182 is divided by o?
41
Let n(p) = -p + 3. Let r be n(0). Suppose r*b = -b + 20. Let o = -2 + b. Calculate the remainder when 7 is divided by o.
1
Suppose -2*q = -2*g - 20, 0 = q + 2*g - 0*g - 1. What is the remainder when (4 + -4 - 0) + 12 is divided by q?
5
Let k be (-2)/(-6) - (-9)/(-27). Calculate the remainder when k + -2 + 55/1 is divided by 14.
11
Suppose 4*f = 2*f + 166. Calculate the remainder when f is divided by 28.
27
Suppose -243 = -b - 2*b. Calculate the remainder when b + (2 + -3 - -3) is divided by 28.
27
Suppose -6 - 9 = -t. Calculate the remainder when 57 is divided by t.
12
Let p(b) = b**3 - 3*b**2 - 3*b. What is the remainder when 22 is divided by p(4)?
2
Suppose 0 = 2*j + j - 90. Suppose 4*s - 89 = -25. What is the remainder when j is divided by s?
14
Suppose 3*y = -3*w - 75, -53 = 4*w - 5*y + 65. Calculate the remainder when 16 is divided by (w/15)/((-2)/10).
7
Let n(l) = -l**3 - 7*l**2 - 8*l + 12. What is the remainder when n(-5) is divided by 2?
0
Let o(p) = 2*p - 2. Let s(v) = -3*v - 11. Let a be s(-8). Let z = a - -9. Calculate the remainder when z is divided by o(5).
6
Let p(w) = -17*w**3 + 3*w**2 + 5*w + 1. Let y = -16 + 25. Calculate the remainder when p(-1) is divided by y.
7
Suppose 2*i - 50 = s + 3*s, -5*s - 72 = -3*i. Let j(n) = -3*n - 5. Suppose 3*c = -2*c - 25. What is the remainder when i is divided by j(c)?
9
Suppose 15 = 5*w - 0. Suppose v + 14 = -w*o - 0*o, -2*v + o = 35. Calculate the remainder when -3 + (2 - (v + 3)) is divided by 7.
6
Suppose -17 = -4*v + 7. What is the remainder when 22 is divided by v?
4
Suppose -5*j + 11*j = 12. What is the remainder when 5 is divided by j?
1
Suppose -2 = -2*s + 8. Suppose u + 5*r = 45, 6*u - s*u - 5*r + 5 = 0. Let a = -7 + u. What is the remainder when 25 is divided by a?
12
Let l = 11 - 0. What is the remainder when 19 is divided by l?
8
Let p = -1 + 7. Let m = 4 - p. Calculate the remainder when 11 is divided by 4*(m + 1 + 2).
3
Suppose 8 = 6*w - 2*w. Suppose 14 = n - 3. Calculate the remainder when ((-2)/(-4))/(w/260) is divided by n.
14
Let i(j) = -5*j + 6. What is the remainder when 30 is di